{"id":637,"date":"2022-09-24T17:24:02","date_gmt":"2022-09-24T22:24:02","guid":{"rendered":"http:\/\/www.sedarauca.edu.co\/?page_id=637"},"modified":"2025-11-24T19:10:58","modified_gmt":"2025-11-25T00:10:58","slug":"ies-arauquita","status":"publish","type":"page","link":"https:\/\/www.sedarauca.edu.co\/index.php\/ies-arauquita\/","title":{"rendered":"IEs Arauquita"},"content":{"rendered":"<p>[et_pb_section fb_built=\u00bb1&#8243; fullwidth=\u00bbon\u00bb admin_label=\u00bbHero\u00bb _builder_version=\u00bb4.19.4&#8243; _module_preset=\u00bbdefault\u00bb background_color=\u00bbrgba(201,201,201,0)\u00bb background_image=\u00bbhttps:\/\/www.sedarauca.edu.co\/wp-content\/uploads\/2022\/09\/BannerInicioWeb.jpg\u00bb background_size=\u00bbcontain\u00bb vertical_offset=\u00bb0px\u00bb horizontal_offset=\u00bb0px\u00bb custom_margin=\u00bb0px||-34px||false|false\u00bb custom_padding=\u00bb0px|0|0px|0px|false|false\u00bb animation_style=\u00bbfold\u00bb background_last_edited=\u00bbon|desktop\u00bb global_module=\u00bb518&#8243; saved_tabs=\u00bball\u00bb locked=\u00bboff\u00bb global_colors_info=\u00bb{}\u00bb][\/et_pb_section][et_pb_section fb_built=\u00bb1&#8243; admin_label=\u00bbFAQ\u00bb _builder_version=\u00bb4.18.0&#8243; vertical_offset=\u00bb-120px\u00bb min_height=\u00bb1533.3px\u00bb custom_padding=\u00bb100px|0px|31px|0px|false|false\u00bb global_colors_info=\u00bb{}\u00bb][et_pb_row _builder_version=\u00bb4.16&#8243; custom_margin=\u00bb|||\u00bb custom_padding=\u00bb|||\u00bb global_colors_info=\u00bb{}\u00bb][et_pb_column type=\u00bb4_4&#8243; _builder_version=\u00bb4.16&#8243; custom_padding=\u00bb|||\u00bb global_colors_info=\u00bb{}\u00bb custom_padding__hover=\u00bb|||\u00bb][et_pb_text _builder_version=\u00bb4.16&#8243; text_font=\u00bbShare Tech||||||||\u00bb text_text_color=\u00bbrgba(0,0,0,0.02)\u00bb text_font_size=\u00bb100px\u00bb text_line_height=\u00bb0.2em\u00bb header_font=\u00bb||||||||\u00bb header_2_font=\u00bbShare Tech||||||||\u00bb header_2_font_size=\u00bb48px\u00bb header_2_line_height=\u00bb1.4em\u00bb text_orientation=\u00bbcenter\u00bb custom_margin=\u00bb||30px||false\u00bb custom_margin_tablet=\u00bb||0px|\u00bb custom_margin_phone=\u00bb\u00bb custom_margin_last_edited=\u00bbon|tablet\u00bb text_font_size_tablet=\u00bb80px\u00bb text_font_size_phone=\u00bb60px\u00bb text_font_size_last_edited=\u00bbon|desktop\u00bb header_2_font_size_tablet=\u00bb\u00bb header_2_font_size_phone=\u00bb36px\u00bb header_2_font_size_last_edited=\u00bbon|phone\u00bb global_colors_info=\u00bb{}\u00bb]<\/p>\n<blockquote><\/blockquote>\n<h2>Instituciones Educativas del municipio de Arauquita<\/h2>\n<p>[\/et_pb_text][\/et_pb_column][\/et_pb_row][et_pb_row admin_label=\u00bbFAQ Row\u00bb _builder_version=\u00bb4.18.0&#8243; z_index=\u00bb0&#8243; global_colors_info=\u00bb{}\u00bb][et_pb_column type=\u00bb4_4&#8243; _builder_version=\u00bb4.16&#8243; custom_padding=\u00bb|||\u00bb global_colors_info=\u00bb{}\u00bb custom_padding__hover=\u00bb|||\u00bb][et_pb_toggle title=\u00bbC.E. Ind\u00edgena El Vig\u00eda\u00bb open_toggle_background_color=\u00bbrgba(0,0,0,0)\u00bb closed_toggle_background_color=\u00bbrgba(0,0,0,0)\u00bb _builder_version=\u00bb4.18.0&#8243; title_font=\u00bbShare Tech||||||||\u00bb background_color=\u00bb#f1f1f1&#8243; custom_margin=\u00bb|||\u00bb custom_padding=\u00bb|||\u00bb locked=\u00bboff\u00bb global_colors_info=\u00bb{}\u00bb]<\/p>\n<p><em><span>Rector:<\/span><\/em> Alex\u00e1nder Barreto<br \/><em>Sede:<\/em> El Vig\u00eda<br \/><em>Direcci\u00f3n:<\/em> Resguardo Ind\u00edgena El Vig\u00eda<br \/><em>Correo electr\u00f3nico:<\/em> <a href=\"mailto:director.cevigia@sedarauca.edu.co\">director.cevigia@sedarauca.edu.co<\/a>\u00a0<\/p>\n<p>[\/et_pb_toggle][et_pb_toggle title=\u00bbC.E. Oasis Bajo\u00bb open_toggle_background_color=\u00bbrgba(0,0,0,0)\u00bb closed_toggle_background_color=\u00bbrgba(0,0,0,0)\u00bb _builder_version=\u00bb4.16&#8243; title_font=\u00bbShare Tech||||||||\u00bb background_color=\u00bb#f1f1f1&#8243; custom_margin=\u00bb|||\u00bb custom_padding=\u00bb||20px|||\u00bb locked=\u00bboff\u00bb global_colors_info=\u00bb{}\u00bb]<\/p>\n<p><em><span>Rector:<\/span><\/em> Gustavo Su\u00e1rez<br \/><em>Correo electr\u00f3nico:<\/em> <a href=\"mailto:director.ceoasisb@sedarauca.edu.co\">director.ceoasisb@sedarauca.edu.co<\/a>\u00a0<\/p>\n<p>[\/et_pb_toggle][et_pb_toggle title=\u00bbC.E. Panam\u00e1\u00bb open_toggle_background_color=\u00bbrgba(0,0,0,0)\u00bb closed_toggle_background_color=\u00bbrgba(0,0,0,0)\u00bb _builder_version=\u00bb4.16&#8243; title_font=\u00bbShare Tech||||||||\u00bb background_color=\u00bb#f1f1f1&#8243; custom_margin=\u00bb|||\u00bb custom_padding=\u00bb|||\u00bb locked=\u00bboff\u00bb global_colors_info=\u00bb{}\u00bb]<\/p>\n<p><em><span>Rector:<\/span><\/em> Francisco Javier P\u00e9rez Calder\u00f3n<br \/><em>Sede:<\/em> Alegr\u00eda de los Ni\u00f1os<br \/><em>Direcci\u00f3n:<\/em> Vda. Alto Primores<br \/><em>Correo electr\u00f3nico:<\/em> <a href=\"mailto:director.cepanama@sedarauca.edu.co\">director.cepanama@sedarauca.edu.co<\/a>\u00a0<\/p>\n<p>.<\/p>\n<p>[\/et_pb_toggle][et_pb_toggle title=\u00bbC.E. R\u00f3mulo Gallegos\u00bb open_toggle_background_color=\u00bbrgba(0,0,0,0)\u00bb closed_toggle_background_color=\u00bbrgba(0,0,0,0)\u00bb _builder_version=\u00bb4.25.1&#8243; title_font=\u00bbShare Tech||||||||\u00bb background_color=\u00bb#f1f1f1&#8243; custom_margin=\u00bb|||\u00bb custom_padding=\u00bb|||\u00bb locked=\u00bboff\u00bb global_colors_info=\u00bb{}\u00bb]<\/p>\n<p><em><span>Rector:<\/span><\/em> Clodomiro Otero Castilla<br \/><em>Sede:<\/em> El Javillal<br \/><em>Direcci\u00f3n:<\/em> Vda. La Esperanza Javillal<br \/><em>Correo electr\u00f3nico:<\/em> <a href=\"mailto:director.celaesmeralda@sedarauca.edu.co\">director.celaesmeralda@sedarauca.edu.co<\/a> <a href=\"mailto:rectoriacelaesmeralda@sedarauca.com\"><\/a><\/p>\n<p>[\/et_pb_toggle][et_pb_toggle title=\u00bb C.E. San Juan Bosco\u00bb open_toggle_background_color=\u00bbrgba(0,0,0,0)\u00bb closed_toggle_background_color=\u00bbrgba(0,0,0,0)\u00bb _builder_version=\u00bb4.25.0&#8243; title_font=\u00bbShare Tech||||||||\u00bb background_color=\u00bb#f1f1f1&#8243; custom_margin=\u00bb|||\u00bb custom_padding=\u00bb|||\u00bb locked=\u00bboff\u00bb global_colors_info=\u00bb{}\u00bb]<\/p>\n<p><em><span>Rector:<\/span><\/em> Flor Marina Rod\u00edguez<br \/><em>Sede:<\/em> San Juan Bosco<br \/><em>Direcci\u00f3n:<\/em> Vda. Los Angelitos<br \/><em>Correo electr\u00f3nico:<\/em> <a href=\"mailto:director.cereinera@sedarauca.edu.co\">director.cereinera@sedarauca.edu.co<\/a><\/p>\n<p>[\/et_pb_toggle][et_pb_toggle title=\u00bbI.E. Aguachica\u00bb open_toggle_background_color=\u00bbrgba(0,0,0,0)\u00bb closed_toggle_background_color=\u00bbrgba(0,0,0,0)\u00bb _builder_version=\u00bb4.19.4&#8243; title_font=\u00bbShare Tech||||||||\u00bb background_color=\u00bb#f1f1f1&#8243; custom_margin=\u00bb|||\u00bb custom_padding=\u00bb|||\u00bb locked=\u00bboff\u00bb global_colors_info=\u00bb{}\u00bb]<\/p>\n<p><em><span>Rector:<\/span><\/em> Jos\u00e9 Dar\u00edo Jaimes Ortiz<br \/><em>Sede:<\/em> Aguachica<br \/><em>Direcci\u00f3n:<\/em> Centro Poblado Aguachica<br \/><em>Correo electr\u00f3nico:<\/em> <a href=\"mailto:rector.ieaguachica@sedarauca.edu.co\">rector.ieaguachica@sedarauca.edu.co<\/a>\u00a0<\/p>\n<p>[\/et_pb_toggle][et_pb_toggle title=\u00bbI.E. Andr\u00e9s Bello\u00bb open_toggle_background_color=\u00bbrgba(0,0,0,0)\u00bb closed_toggle_background_color=\u00bbrgba(0,0,0,0)\u00bb _builder_version=\u00bb4.16&#8243; title_font=\u00bbShare Tech||||||||\u00bb background_color=\u00bb#f1f1f1&#8243; custom_margin=\u00bb|||\u00bb custom_padding=\u00bb|||\u00bb locked=\u00bboff\u00bb global_colors_info=\u00bb{}\u00bb]<\/p>\n<p><em><span>Rector:<\/span><\/em> Henlat Enrique Esquivia Ospina<br \/><em>Sede:<\/em> Andr\u00e9s Bello<br \/><em>Direcci\u00f3n:<\/em> Vda. La Paz<br \/><em>Correo electr\u00f3nico:<\/em> <a href=\"mailto:rector.ieabello@sedarauca.edu.co\">rector.ieabello@sedarauca.edu.co<\/a> <a href=\"mailto:rectoriaandresbello@sedarauca.com\"><\/a>\u00a0<\/p>\n<p>[\/et_pb_toggle][et_pb_toggle title=\u00bbI.E. Gabriel Garc\u00eda M\u00e1rquez\u00bb open_toggle_background_color=\u00bbrgba(0,0,0,0)\u00bb closed_toggle_background_color=\u00bbrgba(0,0,0,0)\u00bb _builder_version=\u00bb4.16&#8243; title_font=\u00bbShare Tech||||||||\u00bb background_color=\u00bb#f1f1f1&#8243; custom_margin=\u00bb|||\u00bb custom_padding=\u00bb|||\u00bb locked=\u00bboff\u00bb global_colors_info=\u00bb{}\u00bb]<\/p>\n<p><em><span>Rector:<\/span><\/em> Edgar Murillo Sanabria<br \/><em>Sede:<\/em> Gabriel Garc\u00eda M\u00e1rquez<br \/><em>Direcci\u00f3n:<\/em> Cra. 5 No 8-67 Barrio Obrero<br \/><em>Correo electr\u00f3nico:<\/em> <a href=\"mailto:rector.iegmarquez@sedarauca.edu.co\">rector.iegmarquez@sedarauca.edu.co<\/a>\u00a0<\/p>\n<p>[\/et_pb_toggle][et_pb_toggle title=\u00bbI.E. Jos\u00e9 Acevedo y G\u00f3mez\u00bb open_toggle_background_color=\u00bbrgba(0,0,0,0)\u00bb closed_toggle_background_color=\u00bbrgba(0,0,0,0)\u00bb _builder_version=\u00bb4.18.0&#8243; title_font=\u00bbShare Tech||||||||\u00bb background_color=\u00bb#f1f1f1&#8243; custom_margin=\u00bb|||\u00bb custom_padding=\u00bb|||\u00bb locked=\u00bboff\u00bb global_colors_info=\u00bb{}\u00bb]<\/p>\n<p><strong><em><a href=\"http:\/\/www.joseacegomez.edu.co\/\" target=\"_blank\" rel=\"noopener\">P\u00e1gina web<\/a><\/em><\/strong><a href=\"http:\/\/www.joseacegomez.edu.co\/blog\/\"><br \/><\/a><em>Rector:<\/em> Luis Alfonso Acu\u00f1a Ch\u00e1vez<br \/><em>Sede:<\/em> Jos\u00e9 Acevedo y G\u00f3mez<br \/><em>Direcci\u00f3n:<\/em> Centro Poblado La Reinera<br \/><em>Correo electr\u00f3nico:<\/em> <a href=\"mailto:rector.iejacevedo@sedarauca.edu.co\">rector.iejacevedo@sedarauca.edu.co<\/a>\u00a0<\/p>\n<p>[\/et_pb_toggle][et_pb_toggle title=\u00bbI.E. Jos\u00e9 Mar\u00eda Carbonell\u00bb open_toggle_background_color=\u00bbrgba(0,0,0,0)\u00bb closed_toggle_background_color=\u00bbrgba(0,0,0,0)\u00bb _builder_version=\u00bb4.18.0&#8243; title_font=\u00bbShare Tech||||||||\u00bb background_color=\u00bb#f1f1f1&#8243; custom_margin=\u00bb|||\u00bb custom_padding=\u00bb|||\u00bb locked=\u00bboff\u00bb global_colors_info=\u00bb{}\u00bb]<\/p>\n<p><em><span><a href=\"http:\/\/www.colcarbonell.edu.co\/\" target=\"_blank\" rel=\"noopener\"><strong>P\u00e1gina web<\/strong><\/a><br \/>Rector:<\/span><\/em> Julio Orduz Villamizar<br \/><em>Sede:<\/em> Jos\u00e9 Mar\u00eda Carbonell<br \/><em>Direcci\u00f3n:<\/em> Calle 9 No. 6 -16 B. San Jos\u00e9 Obrero &#8211; La Esmeralda<br \/><em>Correo electr\u00f3nico:<\/em> <a href=\"mailto:rector.iecarbonell@sedarauca.edu.co\">rector.iecarbonell@sedarauca.edu.co<\/a>\u00a0<\/p>\n<p>[\/et_pb_toggle][et_pb_toggle title=\u00bbI.E. Juan Jacobo Rousseau\u00bb open_toggle_background_color=\u00bbrgba(0,0,0,0)\u00bb closed_toggle_background_color=\u00bbrgba(0,0,0,0)\u00bb _builder_version=\u00bb4.16&#8243; title_font=\u00bbShare Tech||||||||\u00bb background_color=\u00bb#f1f1f1&#8243; custom_margin=\u00bb|||\u00bb custom_padding=\u00bb|||\u00bb locked=\u00bboff\u00bb global_colors_info=\u00bb{}\u00bb]<\/p>\n<p><em><span>Rector:<\/span><\/em> Eudoro de Jes\u00fas G\u00f3mez Betancourt<br \/><em>Sede:<\/em> Juan Jacobo Rousseau<br \/><em>Direcci\u00f3n:<\/em> Cl. 5 No 6-42<br \/><em>Correo electr\u00f3nico:<\/em> <a href=\"mailto:rector.ierousseau@sedarauca.edu.co\">rector.ierousseau@sedarauca.edu.co<\/a>\u00a0<\/p>\n<p>[\/et_pb_toggle][et_pb_toggle title=\u00bb I.E. Liceo del Llano\u00bb open_toggle_background_color=\u00bbrgba(0,0,0,0)\u00bb closed_toggle_background_color=\u00bbrgba(0,0,0,0)\u00bb _builder_version=\u00bb4.16&#8243; title_font=\u00bbShare Tech||||||||\u00bb background_color=\u00bb#f1f1f1&#8243; custom_margin=\u00bb|||\u00bb custom_padding=\u00bb|||\u00bb locked=\u00bboff\u00bb global_colors_info=\u00bb{}\u00bb]<\/p>\n<p><em><span>Rector:<\/span><\/em> Pedro Antonio Archila Chuzcano<br \/><em>Sede:<\/em> Liceo Del Llano<br \/><em>Direcci\u00f3n:<\/em> Cra. 5 No 4 &#8211; 34<br \/><em>Correo electr\u00f3nico:<\/em> <a href=\"mailto:rector.ielillano@sedarauca.edu.co\">rector.ielillano@sedarauca.edu.co<\/a>\u00a0<\/p>\n<p>[\/et_pb_toggle][et_pb_toggle title=\u00bb I.E. Pedro Nel Jim\u00e9nez\u00bb open_toggle_background_color=\u00bbrgba(0,0,0,0)\u00bb closed_toggle_background_color=\u00bbrgba(0,0,0,0)\u00bb _builder_version=\u00bb4.16&#8243; title_font=\u00bbShare Tech||||||||\u00bb background_color=\u00bb#f1f1f1&#8243; custom_margin=\u00bb|||\u00bb custom_padding=\u00bb|||\u00bb locked=\u00bboff\u00bb global_colors_info=\u00bb{}\u00bb]<\/p>\n<p><em><span>\u00e1Rector:<\/span><\/em> Raquel P\u00e9rez G\u00f3mez<br \/><em>Sede:<\/em> Unidad Educativa Pedro Nel Jim\u00e9nez<br \/><em>Direcci\u00f3n:<\/em> Centro Poblado Panama<br \/><em>Correo electr\u00f3nico:<\/em> <a href=\"mailto:rector.iepedronel@sedarauca.edu.co\">rector.iepedronel@sedarauca.edu.co<\/a>\u00a0<\/p>\n<p>[\/et_pb_toggle][et_pb_toggle title=\u00bbI.E. San Jos\u00e9 de la Pesquera\u00bb open_toggle_background_color=\u00bbrgba(0,0,0,0)\u00bb closed_toggle_background_color=\u00bbrgba(0,0,0,0)\u00bb _builder_version=\u00bb4.16&#8243; title_font=\u00bbShare Tech||||||||\u00bb background_color=\u00bb#f1f1f1&#8243; custom_margin=\u00bb|||\u00bb custom_padding=\u00bb|||\u00bb locked=\u00bboff\u00bb global_colors_info=\u00bb{}\u00bb]<\/p>\n<p><em><span>Rector:<\/span><\/em> Edgar Duv\u00e1n Sep\u00falveda<br \/><em>Sede:<\/em> San Jos\u00e9 de la Pesquera<br \/><em>Direcci\u00f3n:<\/em> Inspecci\u00f3n La Pesquera<br \/><em>Correo electr\u00f3nico:<\/em> <a href=\"mailto:rector.iepesquera@sedarauca.edu.co\">rector.iepesquera@sedarauca.edu.co<\/a>\u00a0<\/p>\n<p>[\/et_pb_toggle][et_pb_toggle title=\u00bbI.E. Sim\u00f3n Rodr\u00edguez &#8211; Bayoneros\u00bb open_toggle_background_color=\u00bbrgba(0,0,0,0)\u00bb closed_toggle_background_color=\u00bbrgba(0,0,0,0)\u00bb _builder_version=\u00bb4.25.1&#8243; title_font=\u00bbShare Tech||||||||\u00bb background_color=\u00bb#f1f1f1&#8243; custom_margin=\u00bb|||\u00bb custom_padding=\u00bb|||\u00bb locked=\u00bboff\u00bb global_colors_info=\u00bb{}\u00bb]<\/p>\n<p><em><span>Rector:<\/span><\/em> Jos\u00e9 Alejandro Camacho Rodr\u00edguez<br \/><em>Sede:<\/em> Arsenio Valderrama<br \/><em>Direcci\u00f3n:<\/em> Vda. El Troncal<br \/><em>Correo electr\u00f3nico:<\/em> <a href=\"mailto:rector.iecaldasarq@sedarauca.edu.co\">rector.iecaldasarq@sedarauca.edu.co<\/a><\/p>\n<p>[\/et_pb_toggle][\/et_pb_column][\/et_pb_row][\/et_pb_section][et_pb_section fb_built=\u00bb1&#8243; use_custom_gutter=\u00bbon\u00bb gutter_width=\u00bb2&#8243; specialty=\u00bbon\u00bb padding_top_1=\u00bb0px\u00bb padding_top_2=\u00bb0px\u00bb padding_bottom_1=\u00bb0px\u00bb padding_bottom_2=\u00bb0px\u00bb padding_top_bottom_link_1=\u00bbtrue\u00bb padding_top_bottom_link_2=\u00bbtrue\u00bb admin_label=\u00bbButton Row\u00bb _builder_version=\u00bb4.16&#8243; inner_width=\u00bb100%\u00bb inner_max_width=\u00bb100%\u00bb custom_margin=\u00bb-146px||-36px|||\u00bb custom_padding=\u00bb0px||0px|||\u00bb use_custom_width=\u00bbon\u00bb width_unit=\u00bboff\u00bb custom_width_percent=\u00bb100%\u00bb global_colors_info=\u00bb{}\u00bb][et_pb_column type=\u00bb1_2&#8243; specialty_columns=\u00bb2&#8243; _builder_version=\u00bb4.16&#8243; custom_padding=\u00bb|||\u00bb global_colors_info=\u00bb{}\u00bb custom_padding__hover=\u00bb|||\u00bb][et_pb_row_inner column_structure=\u00bb1_2,1_2&#8243; custom_padding_last_edited=\u00bbon|desktop\u00bb _builder_version=\u00bb4.16&#8243; custom_padding=\u00bb0|0px|0|25%|true|false\u00bb custom_padding_tablet=\u00bb|10%||10%||true\u00bb custom_padding_phone=\u00bb\u00bb locked=\u00bboff\u00bb global_colors_info=\u00bb{}\u00bb][et_pb_column_inner type=\u00bb1_2&#8243; saved_specialty_column_type=\u00bb1_2&#8243; _builder_version=\u00bb4.16&#8243; custom_padding=\u00bb|||\u00bb global_colors_info=\u00bb{}\u00bb custom_padding__hover=\u00bb|||\u00bb][et_pb_button button_text=\u00bbDECRETOS\u00bb button_alignment=\u00bbcenter\u00bb _builder_version=\u00bb4.18.0&#8243; custom_button=\u00bbon\u00bb button_text_size=\u00bb14px\u00bb button_text_color=\u00bb#ffffff\u00bb button_bg_color=\u00bb#51b0ff\u00bb button_bg_color_gradient_direction=\u00bb90deg\u00bb button_bg_color_gradient_stops=\u00bb#ffa727 0%|#FF8A3D 100%\u00bb button_bg_color_gradient_start=\u00bb#ffa727&#8243; button_bg_color_gradient_end=\u00bb#FF8A3D\u00bb button_border_width=\u00bb0px\u00bb button_border_radius=\u00bb100px\u00bb button_letter_spacing=\u00bb5px\u00bb button_font=\u00bbOpen Sans|700||on|||||\u00bb button_use_icon=\u00bboff\u00bb custom_padding=\u00bb23px|24px|23px|24px|true|true\u00bb animation_style=\u00bbslide\u00bb animation_direction=\u00bbright\u00bb animation_intensity_slide=\u00bb70%\u00bb button_border_radius_hover=\u00bb100px\u00bb button_letter_spacing_hover=\u00bb5px\u00bb button_bg_color_hover=\u00bb#3980f9&#8243; locked=\u00bboff\u00bb global_colors_info=\u00bb{}\u00bb button_text_size__hover_enabled=\u00bboff\u00bb button_one_text_size__hover_enabled=\u00bboff\u00bb button_two_text_size__hover_enabled=\u00bboff\u00bb button_text_color__hover_enabled=\u00bboff\u00bb button_one_text_color__hover_enabled=\u00bboff\u00bb button_two_text_color__hover_enabled=\u00bboff\u00bb button_border_width__hover_enabled=\u00bboff\u00bb button_one_border_width__hover_enabled=\u00bboff\u00bb button_two_border_width__hover_enabled=\u00bboff\u00bb button_border_color__hover_enabled=\u00bboff\u00bb button_one_border_color__hover_enabled=\u00bboff\u00bb button_two_border_color__hover_enabled=\u00bboff\u00bb button_border_radius__hover_enabled=\u00bbon\u00bb button_border_radius__hover=\u00bb100px\u00bb button_one_border_radius__hover_enabled=\u00bboff\u00bb button_two_border_radius__hover_enabled=\u00bboff\u00bb button_letter_spacing__hover_enabled=\u00bbon\u00bb button_letter_spacing__hover=\u00bb5px\u00bb button_one_letter_spacing__hover_enabled=\u00bboff\u00bb button_two_letter_spacing__hover_enabled=\u00bboff\u00bb button_bg_color__hover_enabled=\u00bbon\u00bb button_bg_color__hover=\u00bb#3980f9&#8243; button_one_bg_color__hover_enabled=\u00bboff\u00bb button_two_bg_color__hover_enabled=\u00bboff\u00bb][\/et_pb_button][\/et_pb_column_inner][et_pb_column_inner type=\u00bb1_2&#8243; saved_specialty_column_type=\u00bb1_2&#8243; _builder_version=\u00bb4.16&#8243; custom_padding=\u00bb|||\u00bb global_colors_info=\u00bb{}\u00bb custom_padding__hover=\u00bb|||\u00bb][et_pb_button button_text=\u00bbRESOLUCIONES\u00bb button_alignment=\u00bbcenter\u00bb _builder_version=\u00bb4.18.0&#8243; custom_button=\u00bbon\u00bb button_text_size=\u00bb14px\u00bb button_text_color=\u00bb#ffffff\u00bb button_bg_color=\u00bb#2573f9&#8243; button_bg_color_gradient_direction=\u00bb90deg\u00bb button_bg_color_gradient_stops=\u00bb#ffa727 0%|#FF8A3D 100%\u00bb button_bg_color_gradient_start=\u00bb#ffa727&#8243; button_bg_color_gradient_end=\u00bb#FF8A3D\u00bb button_border_width=\u00bb0px\u00bb button_border_radius=\u00bb100px\u00bb button_letter_spacing=\u00bb5px\u00bb button_font=\u00bbOpen Sans|700||on|||||\u00bb button_use_icon=\u00bboff\u00bb custom_padding=\u00bb23px|24px|23px|24px|true|true\u00bb animation_style=\u00bbslide\u00bb animation_direction=\u00bbright\u00bb button_border_radius_hover=\u00bb100px\u00bb button_letter_spacing_hover=\u00bb5px\u00bb button_bg_color_hover=\u00bb#3980f9&#8243; locked=\u00bboff\u00bb global_colors_info=\u00bb{}\u00bb button_text_size__hover_enabled=\u00bboff\u00bb button_one_text_size__hover_enabled=\u00bboff\u00bb button_two_text_size__hover_enabled=\u00bboff\u00bb button_text_color__hover_enabled=\u00bboff\u00bb button_one_text_color__hover_enabled=\u00bboff\u00bb button_two_text_color__hover_enabled=\u00bboff\u00bb button_border_width__hover_enabled=\u00bboff\u00bb button_one_border_width__hover_enabled=\u00bboff\u00bb button_two_border_width__hover_enabled=\u00bboff\u00bb button_border_color__hover_enabled=\u00bboff\u00bb button_one_border_color__hover_enabled=\u00bboff\u00bb button_two_border_color__hover_enabled=\u00bboff\u00bb button_border_radius__hover_enabled=\u00bbon\u00bb button_border_radius__hover=\u00bb100px\u00bb button_one_border_radius__hover_enabled=\u00bboff\u00bb button_two_border_radius__hover_enabled=\u00bboff\u00bb button_letter_spacing__hover_enabled=\u00bbon\u00bb button_letter_spacing__hover=\u00bb5px\u00bb button_one_letter_spacing__hover_enabled=\u00bboff\u00bb button_two_letter_spacing__hover_enabled=\u00bboff\u00bb button_bg_color__hover_enabled=\u00bbon\u00bb button_bg_color__hover=\u00bb#3980f9&#8243; button_one_bg_color__hover_enabled=\u00bboff\u00bb button_two_bg_color__hover_enabled=\u00bboff\u00bb][\/et_pb_button][\/et_pb_column_inner][\/et_pb_row_inner][\/et_pb_column][et_pb_column type=\u00bb1_2&#8243; _builder_version=\u00bb4.16&#8243; custom_padding=\u00bb|||\u00bb global_colors_info=\u00bb{}\u00bb custom_padding__hover=\u00bb|||\u00bb][et_pb_blurb title=\u00bbNOMBRAMIENTOS\u00bb url=\u00bb#\u00bb content_max_width=\u00bb1100px\u00bb content_max_width_last_edited=\u00bboff|desktop\u00bb _builder_version=\u00bb4.16&#8243; header_font=\u00bbOpen Sans|700||on|||||\u00bb header_font_size=\u00bb14px\u00bb header_letter_spacing=\u00bb5px\u00bb header_line_height=\u00bb2em\u00bb body_font=\u00bb||||||||\u00bb background_color=\u00bb#2573f9&#8243; use_background_color_gradient=\u00bbon\u00bb background_color_gradient_direction=\u00bb90deg\u00bb background_color_gradient_stops=\u00bb#2573f9 0%|#ffffff 100%\u00bb background_color_gradient_start=\u00bb#2573f9&#8243; background_color_gradient_end=\u00bb#ffffff\u00bb background_layout=\u00bbdark\u00bb custom_padding=\u00bb20px|40px|12px|40px|false|true\u00bb animation_style=\u00bbslide\u00bb animation_direction=\u00bbright\u00bb animation_intensity_slide=\u00bb5%\u00bb border_radii=\u00bb|100px|||100px\u00bb locked=\u00bboff\u00bb global_colors_info=\u00bb{}\u00bb][\/et_pb_blurb][\/et_pb_column][\/et_pb_section][et_pb_section fb_built=\u00bb1&#8243; custom_padding_last_edited=\u00bboff|desktop\u00bb admin_label=\u00bbFooter\u00bb _builder_version=\u00bb4.18.0&#8243; use_background_color_gradient=\u00bbon\u00bb background_color_gradient_direction=\u00bb140deg\u00bb background_color_gradient_stops=\u00bb#004872 0%|rgba(41,17,96,0.8) 100%\u00bb background_color_gradient_overlays_image=\u00bbon\u00bb background_color_gradient_start=\u00bb#004872&#8243; background_color_gradient_end=\u00bbrgba(41,17,96,0.8)\u00bb background_image=\u00bbhttps:\/\/www.sedarauca.edu.co\/wp-content\/uploads\/2022\/06\/it-services-04.jpg\u00bb positioning=\u00bbnone\u00bb width=\u00bb100%\u00bb max_width=\u00bb100%\u00bb min_height=\u00bb-200px\u00bb height=\u00bb-200px\u00bb max_height=\u00bb100px\u00bb custom_margin=\u00bb-2px|||||\u00bb custom_padding=\u00bb50px|0px|50px|0px|true|false\u00bb custom_padding_tablet=\u00bb10vw||10vw||true\u00bb custom_padding_phone=\u00bb5vw||5vw||true\u00bb locked=\u00bboff\u00bb global_colors_info=\u00bb{}\u00bb][\/et_pb_section]<\/p>\n","protected":false},"excerpt":{"rendered":"<p>Instituciones Educativas del municipio de ArauquitaRector: Alex\u00e1nder BarretoSede: El Vig\u00edaDirecci\u00f3n: Resguardo Ind\u00edgena El Vig\u00edaCorreo electr\u00f3nico: director.cevigia@sedarauca.edu.co\u00a0Rector: Gustavo Su\u00e1rezCorreo electr\u00f3nico: director.ceoasisb@sedarauca.edu.co\u00a0Rector: Francisco Javier P\u00e9rez Calder\u00f3nSede: Alegr\u00eda de los Ni\u00f1osDirecci\u00f3n: Vda. Alto PrimoresCorreo electr\u00f3nico: director.cepanama@sedarauca.edu.co\u00a0 .Rector: Clodomiro Otero CastillaSede: El JavillalDirecci\u00f3n: Vda. La Esperanza JavillalCorreo electr\u00f3nico: director.celaesmeralda@sedarauca.edu.co Rector: Flor Marina Rod\u00edguezSede: San Juan BoscoDirecci\u00f3n: Vda. Los AngelitosCorreo [&hellip;]<\/p>\n","protected":false},"author":1,"featured_media":0,"parent":0,"menu_order":0,"comment_status":"closed","ping_status":"closed","template":"","meta":{"_et_pb_use_builder":"on","_et_pb_old_content":"","_et_gb_content_width":"","footnotes":""},"class_list":["post-637","page","type-page","status-publish","hentry"],"_links":{"self":[{"href":"https:\/\/www.sedarauca.edu.co\/index.php\/wp-json\/wp\/v2\/pages\/637","targetHints":{"allow":["GET"]}}],"collection":[{"href":"https:\/\/www.sedarauca.edu.co\/index.php\/wp-json\/wp\/v2\/pages"}],"about":[{"href":"https:\/\/www.sedarauca.edu.co\/index.php\/wp-json\/wp\/v2\/types\/page"}],"author":[{"embeddable":true,"href":"https:\/\/www.sedarauca.edu.co\/index.php\/wp-json\/wp\/v2\/users\/1"}],"replies":[{"embeddable":true,"href":"https:\/\/www.sedarauca.edu.co\/index.php\/wp-json\/wp\/v2\/comments?post=637"}],"version-history":[{"count":11,"href":"https:\/\/www.sedarauca.edu.co\/index.php\/wp-json\/wp\/v2\/pages\/637\/revisions"}],"predecessor-version":[{"id":12933,"href":"https:\/\/www.sedarauca.edu.co\/index.php\/wp-json\/wp\/v2\/pages\/637\/revisions\/12933"}],"wp:attachment":[{"href":"https:\/\/www.sedarauca.edu.co\/index.php\/wp-json\/wp\/v2\/media?parent=637"}],"curies":[{"name":"wp","href":"https:\/\/api.w.org\/{rel}","templated":true}]}}